7. What is the remainder when 12142 is divided by o?
31
Let w(r) = 1834*r + 3781. What is the remainder when 1575 is divided by w(-2)?
106
Let x(b) = -92*b - 212. Let z be x(-6). Suppose -30*t = -34*t + z. What is the remainder when t is divided by 11?
8
Suppose -v + 4 = s, 3*s = 4*v + v - 28. Suppose -5*a + 8*a + 69 = v*l, -51 = -5*l - 3*a. Calculate the remainder when 177 is divided by l.
9
Suppose -90*p = -216*p + 1134. Let b(n) = -n**2 - 10*n + 3. What is the remainder when b(-8) is divided by p?
1
Suppose 2*y + u + 27 = 0, 2*y = -3*y + 4*u - 87. Let f = y - -19. Suppose -35*a - 292 = -39*a. Calculate the remainder when a is divided by f.
1
Suppose 2*n + 22 = -3*j, 2*j - 12 = 3*n - 5. What is the remainder when 74 is divided by (38/j)/((-7)/28)?
36
Let g = -19086 - -20187. Calculate the remainder when g is divided by 537.
27
Let q(k) = 5*k**2 + 22*k + 35. Calculate the remainder when 344 is divided by q(-10).
29
Let f(o) = o**2 - 9*o + 14. Let r = 22 + -19. Let g be f(r). What is the remainder when 858/14 + g*4/56 is divided by 9?
7
Let h = 1303 + -1186. Calculate the remainder when 228 is divided by h.
111
Suppose 149*a - 89*a = 81*a - 26355. Calculate the remainder when a is divided by 66.
1
Suppose 0 = 7*o - 21 - 0. Suppose 0 = -o*c + g + 208, -7*c - 3*g + 157 = -5*c. Calculate the remainder when c is divided by 24.
23
Let k(m) = -146*m**3 + 3*m**2 + 2*m + 1. Let h be 1*(20/(-4) + 4). Let c(v) = 7*v**2 - 3*v + 3. Calculate the remainder when k(h) is divided by c(2).
23
Suppose -3*o + 130 = -56. Calculate the remainder when -1*21*-35*(3 - (-136)/(-51)) is divided by o.
59
Let m = 250 - 1. What is the remainder when m is divided by 84?
81
Let z(k) = 2*k + 2. Let o be z(12). Suppose 0 = -11*s - o + 202. What is the remainder when s is divided by 14?
2
Suppose 0*s = -4*s + 116. Suppose 41*k - 2105 - 5152 = 0. What is the remainder when s is divided by k/12 + (45/36)/5?
14
Let u(s) = 2*s**2 + 3*s + 1. Suppose 729*x + 5*d + 1 = 728*x, 5*x - 5*d - 55 = 0. Calculate the remainder when x is divided by u(-2).
0
Let t(l) = -39*l + 274. Calculate the remainder when 639 is divided by t(6).
39
Let v(d) = -61*d + 3090. Calculate the remainder when 2317 is divided by v(50).
37
Let z(t) = 815*t + 817. What is the remainder when 251 is divided by z(-1)?
1
Let n(w) = 3*w + 33. Let h be n(-4). Suppose 18 = m + h. Calculate the remainder when 18 is divided by m/12*-14*40/14.
8
Suppose -5*c - 5*k + 1420 = -5, c - 295 = k. Calculate the remainder when c is divided by 85.
35
Let y(a) = -a + 29. Let d = 151 + -170. Calculate the remainder when 190 is divided by y(d).
46
Suppose p - 2*m + 162 = 5*p, 4*p + 5*m = 159. Let i = p + -25. What is the remainder when ((-8)/(-6) + -2)*-66 is divided by i?
12
Let y(n) = 6 + 21*n + 0*n**3 + 15 - 5*n**3 + 6*n**3 + 16*n**2. Let j be y(-15). Let r = 127 + j. Calculate the remainder when r is divided by 21.
16
Let m(t) = -3*t**3 - 2*t**2 + 1072. Let f be m(0). Suppose -18*k = -10*k - f. What is the remainder when 406 is divided by k?
4
Let p(l) = -10*l + 20. Let a be p(2). Let t(o) be the second derivative of o**3/2 + 43*o**2/2 + 7*o. What is the remainder when t(a) is divided by 9?
7
Calculate the remainder when 464 is divided by (-2 + 4/(-6))/((-590)/34515).
152
Let g = -30 - -34. Let o be g/(-14) - (-8)/(224/1548). Suppose -3*d - 2*r - 181 = -8*d, -o = -2*d - 5*r. What is the remainder when d is divided by 18?
17
Let r(t) = t**2 + t - 6. Let x be (-3)/(30/(-4))*(-15 + -5). What is the remainder when r(5) is divided by (-2 + (-36)/(-5))/(x/(-20))?
11
Let t be (9*15/6)/(11/66). Suppose 4*k = t - 115. What is the remainder when k is divided by 5*(1 + (2 - 2))?
0
Let s be 3/((-15)/(-10)) + -4. Let i be 4/((16/(-4))/s). Suppose -51 = -3*d + i*p, 3*p - 13 = 3*d - 64. Calculate the remainder when 80 is divided by d.
12
Suppose 104 = 21*a - 505. Calculate the remainder when 50 is divided by a.
21
Let n be 213/2 + (-5)/10. Suppose -5*k + 30 = 5, 2*q = -2*k + n. Calculate the remainder when 188 is divided by q.
44
Let v(a) = 4*a**3 + 3*a**2 - 5*a + 4. Let f be v(3). Let g = f - 87. What is the remainder when g is divided by 19?
18
Let b be (6/(-10))/(12/(-120)). Suppose -b*p + p + 2*s + 470 = 0, 112 = p - 4*s. Calculate the remainder when p is divided by 32.
28
Suppose -97*a = -41*a - 12245 - 12731. Calculate the remainder when 1755 is divided by a.
417
Let w(s) = 4*s**2 + 58 - 33 - 25 + s. Let u be w(1). Calculate the remainder when 133 is divided by (-274)/(-10) - (u - (-92)/(-20)).
25
Suppose 2*h = -0*h, 0 = -2*w - h + 12. Suppose w*c - 2*c + 20 = 0, -a + 13 = -c. Calculate the remainder when 35 is divided by a.
3
Suppose -4*g + 3*c + 78 + 695 = 0, 3*g - 561 = 6*c. What is the remainder when 24624 is divided by g?
196
Let g = -26067 - -26183. Let l = -64 + 518. Suppose l = 10*y - g. What is the remainder when y is divided by 16?
9
Let o be 189/105*80/3. Suppose 3*c - 5*j - o = 0, 4 - 1 = j. What is the remainder when c is divided by 6?
3
Calculate the remainder when 22681 is divided by 5*(846/66 - (-10)/55).
61
Calculate the remainder when (-6)/(-78) + 251459/169 is divided by 21.
18
Let z(j) = 1 + 6*j + 1 + 0 - 95*j. Let w be z(-4). Suppose -5*p + w = -97. What is the remainder when p is divided by 31?
29
Calculate the remainder when 11659 is divided by (27 + -5 - 3) + 5 + 273/(-39).
14
Let y(b) = -b**2 + 13. Let f be y(0). Let j = -3 + f. What is the remainder when (-525)/225*(-234)/21 is divided by j?
6
Let z = -122 + 127. Suppose 5*q - 2*l - 33 = 0, z*q - 26 - 12 = -3*l. Calculate the remainder when 32 is divided by q.
4
Let p be ((-24)/(-14))/((-94)/(-987)). Suppose p*r - 95 = 193. Calculate the remainder when 301 is divided by r.
13
Let t = 2378 - 209. Suppose 0 = -10*u + t + 5571. Calculate the remainder when u is divided by 97.
95
Suppose 4*v - 90 = -2*a, 2*a + 5*v - 26 = 67. Let n = -702 + 2262. Let i = -1545 + n. What is the remainder when a is divided by i?
9
Suppose 165 = 10*c - 105. Let s = 66 + -52. Calculate the remainder when c is divided by s.
13
Let v(z) = 2*z**2 - 20*z + 70. Let y = -707 + 714. Calculate the remainder when v(y) is divided by 5.
3
Suppose -83*v + 31*v + 7876 = -8*v. What is the remainder when 955 is divided by v?
60
Suppose -4*l + 53 + 15 = 0. Let y = l + -12. Suppose y = 3*c - 19. Calculate the remainder when 31 is divided by c.
7
Let d = 279 - 213. Suppose 28*m - m - 1296 = 0. What is the remainder when d is divided by m?
18
Suppose 0 = -2*v + 4*o + 68, 0 = -3*v + 34*o + 114 + 156. What is the remainder when 39905 is divided by v?
19
Suppose -4*t = 3*y - 598, -3*y + 5*t + 38 + 605 = 0. Let z = y - 192. What is the remainder when 192 is divided by z?
10
Let s = 16828 + -15950. Calculate the remainder when s is divided by 97.
5
Suppose 652 = 4*k - 3*j, k + k - j - 324 = 0. Suppose 191 + 246 = 19*g. Calculate the remainder when k is divided by g.
22
Suppose 23*c + 86 = 24*c. What is the remainder when 194 is divided by c?
22
Suppose -5*w - 41 = -5*j - 2*w, 0 = -j + 3*w + 1. Let y = 38 + -32. What is the remainder when j is divided by y?
4
Let f(r) = 8*r + 2. Suppose -2*c = -3*p - 838, -30*p - 1632 = -4*c - 35*p. Calculate the remainder when c is divided by f(3).
23
Let d = 50 - 22. What is the remainder when 3 - (-1 + 0) - -156*200/240 is divided by d?
22
Let d(q) = 372*q - 7975. What is the remainder when d(23) is divided by 87?
59
Suppose -5*t + 3*u = -8281, t + 11*u - 8*u = 1649. Suppose -4*l - l = 3*m - 2733, -2*m - t = -3*l. What is the remainder when l is divided by 92?
89
Suppose 8*a + 208 = -4*u + 4*a, -205 = 4*u + 5*a. Let l = 59 + u. Suppose -c = r - 17, -l*r = c - 12 - 2. What is the remainder when 49 is divided by c?
13
Let l = -85 + 90. Suppose 0 = -l*r - 30 + 95. Let s = 141 + -91. What is the remainder when s is divided by r?
11
Let g(m) = -30*m - 2. Suppose -11*p = -552 - 9. Suppose 0 = -2*n + 2*u + 52, -3*u + 123 - p = 2*n. What is the remainder when g(-6) is divided by n?
28
What is the remainder when 10/2 - ((9 - 5) + -176) is divided by (-6)/(-10) + (-1998)/(-45)?
42
Suppose -3*t - 1 + 7 = 0. Suppose v - 8 = -5, t*y + 4*v = 30. What is the remainder when y is divided by 4 + -1 - (-2 + -1)*1?
3
Let d = -24795 + 25901. What is the remainder when d is divided by 3?
2
Suppose 